{"id":34,"date":"2013-10-17T19:51:56","date_gmt":"2013-10-17T19:51:56","guid":{"rendered":"http:\/\/lovbostaden.se\/?page_id=34"},"modified":"2014-03-06T19:35:19","modified_gmt":"2014-03-06T19:35:19","slug":"utflyttning","status":"publish","type":"page","link":"https:\/\/lovbostaden.se\/?page_id=34","title":{"rendered":"Avflyttning"},"content":{"rendered":"<ul>\n<li>Upps\u00e4gning skall ske skriftligen och infaller till det m\u00e5nadsskifte som intr\u00e4ffar n\u00e4rmast efter 3 m\u00e5nader fr\u00e5n upps\u00e4gningen.<\/li>\n<li>T\u00e4nk p\u00e5 att g\u00f6ra adress\u00e4ndring och att avsluta\/flytta eventuella abonnemang<\/li>\n<li>Boka besiktning i god tid. L\u00e4genhet, balkong och f\u00f6rr\u00e5d skall vid besiktningen vara t\u00f6md och st\u00e4dad.<\/li>\n<li>Nycklarna \u00e5terl\u00e4mnas till hyresv\u00e4rden vid besiktningen<\/li>\n<\/ul>\n","protected":false},"excerpt":{"rendered":"<p>Upps\u00e4gning skall ske skriftligen och infaller till det m\u00e5nadsskifte som intr\u00e4ffar n\u00e4rmast efter 3 m\u00e5nader fr\u00e5n upps\u00e4gningen. T\u00e4nk p\u00e5 att g\u00f6ra adress\u00e4ndring och att avsluta\/flytta eventuella abonnemang Boka besiktning i god tid. L\u00e4genhet, balkong och f\u00f6rr\u00e5d skall vid besiktningen vara &hellip; <a href=\"https:\/\/lovbostaden.se\/?page_id=34\">Continue reading <span class=\"meta-nav\">&rarr;<\/span><\/a><\/p>\n","protected":false},"author":1,"featured_media":0,"parent":11,"menu_order":0,"comment_status":"closed","ping_status":"open","template":"","meta":{"footnotes":""},"_links":{"self":[{"href":"https:\/\/lovbostaden.se\/index.php?rest_route=\/wp\/v2\/pages\/34"}],"collection":[{"href":"https:\/\/lovbostaden.se\/index.php?rest_route=\/wp\/v2\/pages"}],"about":[{"href":"https:\/\/lovbostaden.se\/index.php?rest_route=\/wp\/v2\/types\/page"}],"author":[{"embeddable":true,"href":"https:\/\/lovbostaden.se\/index.php?rest_route=\/wp\/v2\/users\/1"}],"replies":[{"embeddable":true,"href":"https:\/\/lovbostaden.se\/index.php?rest_route=%2Fwp%2Fv2%2Fcomments&post=34"}],"version-history":[{"count":4,"href":"https:\/\/lovbostaden.se\/index.php?rest_route=\/wp\/v2\/pages\/34\/revisions"}],"predecessor-version":[{"id":136,"href":"https:\/\/lovbostaden.se\/index.php?rest_route=\/wp\/v2\/pages\/34\/revisions\/136"}],"up":[{"embeddable":true,"href":"https:\/\/lovbostaden.se\/index.php?rest_route=\/wp\/v2\/pages\/11"}],"wp:attachment":[{"href":"https:\/\/lovbostaden.se\/index.php?rest_route=%2Fwp%2Fv2%2Fmedia&parent=34"}],"curies":[{"name":"wp","href":"https:\/\/api.w.org\/{rel}","templated":true}]}}