{"id":141,"date":"2014-03-18T13:16:41","date_gmt":"2014-03-18T13:16:41","guid":{"rendered":"http:\/\/lovbostaden.se\/?page_id=141"},"modified":"2023-02-16T20:24:06","modified_gmt":"2023-02-16T20:24:06","slug":"inflyttning","status":"publish","type":"page","link":"https:\/\/lovbostaden.se\/?page_id=141","title":{"rendered":"Inflyttning"},"content":{"rendered":"<ul>\n<li>Hyran betalas in till bg 887-1212 d\u00e4r du anger avinr som st\u00e5r p\u00e5 avin.<\/li>\n<li>\u00c4r du os\u00e4ker p\u00e5 hur du ska s\u00e4tta upp n\u00e5got p\u00e5 v\u00e4ggen, kontakta oss.<\/li>\n<li>Vi har inget aval med n\u00e5gon tv-operat\u00f6r.<\/li>\n<li>P\u00e5 Bergagatan &amp; Norra Torggatan finns det fiber. Info finns i trapphuset.<\/li>\n<\/ul>\n","protected":false},"excerpt":{"rendered":"<p>Hyran betalas in till bg 887-1212 d\u00e4r du anger avinr som st\u00e5r p\u00e5 avin. \u00c4r du os\u00e4ker p\u00e5 hur du ska s\u00e4tta upp n\u00e5got p\u00e5 v\u00e4ggen, kontakta oss. Vi har inget aval med n\u00e5gon tv-operat\u00f6r. P\u00e5 Bergagatan &amp; Norra Torggatan &hellip; <a href=\"https:\/\/lovbostaden.se\/?page_id=141\">Continue reading <span class=\"meta-nav\">&rarr;<\/span><\/a><\/p>\n","protected":false},"author":1,"featured_media":0,"parent":11,"menu_order":0,"comment_status":"closed","ping_status":"closed","template":"","meta":{"footnotes":""},"_links":{"self":[{"href":"https:\/\/lovbostaden.se\/index.php?rest_route=\/wp\/v2\/pages\/141"}],"collection":[{"href":"https:\/\/lovbostaden.se\/index.php?rest_route=\/wp\/v2\/pages"}],"about":[{"href":"https:\/\/lovbostaden.se\/index.php?rest_route=\/wp\/v2\/types\/page"}],"author":[{"embeddable":true,"href":"https:\/\/lovbostaden.se\/index.php?rest_route=\/wp\/v2\/users\/1"}],"replies":[{"embeddable":true,"href":"https:\/\/lovbostaden.se\/index.php?rest_route=%2Fwp%2Fv2%2Fcomments&post=141"}],"version-history":[{"count":4,"href":"https:\/\/lovbostaden.se\/index.php?rest_route=\/wp\/v2\/pages\/141\/revisions"}],"predecessor-version":[{"id":151,"href":"https:\/\/lovbostaden.se\/index.php?rest_route=\/wp\/v2\/pages\/141\/revisions\/151"}],"up":[{"embeddable":true,"href":"https:\/\/lovbostaden.se\/index.php?rest_route=\/wp\/v2\/pages\/11"}],"wp:attachment":[{"href":"https:\/\/lovbostaden.se\/index.php?rest_route=%2Fwp%2Fv2%2Fmedia&parent=141"}],"curies":[{"name":"wp","href":"https:\/\/api.w.org\/{rel}","templated":true}]}}